{"id":16290,"date":"2025-03-17T12:32:43","date_gmt":"2025-03-17T12:32:43","guid":{"rendered":"https:\/\/lasallecadiz.es\/mirandilla\/?page_id=16290"},"modified":"2025-04-21T09:48:18","modified_gmt":"2025-04-21T09:48:18","slug":"aula-matinal-2","status":"publish","type":"page","link":"https:\/\/lasallecadiz.es\/mirandilla\/aula-matinal-2\/","title":{"rendered":"Aula Matinal"},"content":{"rendered":"\t\t<div data-elementor-type=\"wp-page\" data-elementor-id=\"16290\" class=\"elementor elementor-16290\">\n\t\t\t\t<div class=\"elementor-element elementor-element-21970d24 e-flex e-con-boxed e-con e-parent\" data-id=\"21970d24\" data-element_type=\"container\" data-e-type=\"container\">\n\t\t\t\t\t<div class=\"e-con-inner\">\n\t\t\t\t<div class=\"elementor-element elementor-element-61f02eb4 elementor-widget elementor-widget-text-editor\" data-id=\"61f02eb4\" data-element_type=\"widget\" data-e-type=\"widget\" data-widget_type=\"text-editor.default\">\n\t\t\t\t<div class=\"elementor-widget-container\">\n\t\t\t\t\t\t\t\t\t\n<p><span style=\"color: #1b2c65;\"><strong>\u00a1Bienvenidos al Aula Matinal!<\/strong><\/span><\/p>\n<p><span style=\"color: #1b2c65;\"><\/span><\/p>\n<p>\u00a0<\/p>\n<p><span style=\"color: #1b2c65;\"><\/span><\/p>\n<p><span style=\"color: #1b2c65;\">En La Salle Mirandilla, ofrecemos a las familias un servicio de Aula Matinal para facilitar la conciliaci\u00f3n familiar y laboral.<\/span><\/p>\n<p><span style=\"color: #1b2c65;\"><\/span><\/p>\n<p><span style=\"color: #1b2c65;\"><strong>\u00bfQu\u00e9 es el Aula Matinal?<\/strong><\/span><\/p>\n<p><span style=\"color: #1b2c65;\"><\/span><\/p>\n<p><span style=\"color: #1b2c65;\">El Aula Matinal es un espacio donde los ni\u00f1os\/as pueden estar desde las 7:30 de la ma\u00f1ana hasta el comienzo del horario lectivo. Durante este tiempo, se realizan diversas actividades l\u00fadico-educativas que favorecen el desarrollo integral de los ni\u00f1os\/as.<\/span><\/p>\n<p><span style=\"color: #1b2c65;\">En\u00a0<strong>La Salle Mirandilla<\/strong>, entendemos las necesidades de conciliaci\u00f3n de las familias y, por ello, ponemos a su disposici\u00f3n el servicio de\u00a0<strong>Aula Matinal<\/strong>, un recurso pensado para facilitar la incorporaci\u00f3n temprana de los padres y madres a su jornada laboral, ofreciendo un entorno seguro y educativo para los ni\u00f1os y ni\u00f1as antes del inicio del horario lectivo.<\/span><\/p>\n<p><span style=\"color: #1b2c65;\">Desde los\u00a0<strong>3 hasta los 12 a\u00f1os<\/strong>, nuestros alumnos pueden comenzar el d\u00eda en un espacio dise\u00f1ado para\u00a0<strong>fomentar la creatividad, el aprendizaje y la socializaci\u00f3n<\/strong>\u00a0bajo la supervisi\u00f3n de\u00a0<strong>monitores cualificados<\/strong>.<\/span><\/p>\n<h3><span style=\"color: #1b2c65;\"><strong>Un Comienzo del D\u00eda Din\u00e1mico y Enriquecedor<\/strong><\/span><\/h3>\n<p><span style=\"color: #1b2c65;\">El Aula Matinal no es solo un espacio de acogida, sino una oportunidad para que los ni\u00f1os y ni\u00f1as\u00a0<strong>empiecen el d\u00eda de forma l\u00fadica y estimulante<\/strong>. A trav\u00e9s de una programaci\u00f3n variada de actividades, cada jornada se convierte en una experiencia enriquecedora y divertida.<\/span><\/p>\n<p><span style=\"color: #1b2c65;\">Entre las actividades que se realizan destacan:<\/span><\/p>\n<p><span style=\"color: #1b2c65;\"><strong>Talleres creativos<\/strong>: Modelado de plastilina, dibujo, pintura y manualidades.<\/span><br \/><span style=\"color: #1b2c65;\"><strong>Animaci\u00f3n a la lectura<\/strong>: Espacios dedicados a cuentos y narraciones para fomentar el gusto por la lectura.<\/span><br \/><span style=\"color: #1b2c65;\"><strong>Juegos de ingenio y l\u00f3gica<\/strong>: Puzles, construcciones y retos que estimulan el pensamiento cr\u00edtico.<\/span><br \/><span style=\"color: #1b2c65;\"><strong>Visionado de pel\u00edculas y cortometrajes educativos<\/strong>: Momentos de entretenimiento con contenido pedag\u00f3gico.<\/span><br \/><span style=\"color: #1b2c65;\"><strong>Elaboraci\u00f3n de pulseras y manualidades<\/strong>: Actividades que mejoran la motricidad fina y la concentraci\u00f3n.<\/span><br \/><span style=\"color: #1b2c65;\"><strong>Juegos cooperativos y de socializaci\u00f3n<\/strong>: Para favorecer el trabajo en equipo y el desarrollo de habilidades interpersonales.<\/span><\/p>\n<h3><span style=\"color: #1b2c65;\"><strong>Un Espacio para el Estudio y la Organizaci\u00f3n<\/strong><\/span><\/h3>\n<p><span style=\"color: #1b2c65;\">Para aquellos alumnos que lo necesiten, el Aula Matinal tambi\u00e9n ofrece un\u00a0<strong>espacio de estudio<\/strong>, donde pueden adelantar tareas escolares, repasar contenidos y prepararse para el d\u00eda acad\u00e9mico. Este tiempo les permite\u00a0<strong>organizarse mejor<\/strong>, fomentar su autonom\u00eda y empezar la jornada con una actitud positiva y productiva.<\/span><\/p>\n<p><span style=\"color: #1b2c65;\"><\/span><\/p>\n<p><br \/><span style=\"color: #1b2c65;\"><strong>\u00bfC\u00f3mo inscribirse?<\/strong><\/span><\/p>\n<p><span style=\"color: #1b2c65;\"><\/span><\/p>\n<p><span style=\"color: #1b2c65;\">Para acudir al Aula Matinal , pueden contactar con la persona responsable al 616095845. No se necesita reserva previa para dejar al alumnado en el Aula Matinal, estamos disponible de lunes a viernes.<\/span><\/p>\n\t\t\t\t\t\t\t\t<\/div>\n\t\t\t\t<\/div>\n\t\t\t\t\t<\/div>\n\t\t\t\t<\/div>\n\t\t<div class=\"elementor-element elementor-element-c284e9b e-flex e-con-boxed e-con e-parent\" data-id=\"c284e9b\" data-element_type=\"container\" data-e-type=\"container\">\n\t\t\t\t\t<div class=\"e-con-inner\">\n\t\t\t\t<div class=\"elementor-element elementor-element-9ef95b1 elementor-widget elementor-widget-image\" data-id=\"9ef95b1\" data-element_type=\"widget\" data-e-type=\"widget\" data-widget_type=\"image.default\">\n\t\t\t\t<div class=\"elementor-widget-container\">\n\t\t\t\t\t\t\t\t\t\t\t\t\t\t\t<img decoding=\"async\" src=\"https:\/\/lasallecadiz.es\/mirandilla\/wp-content\/uploads\/sites\/5\/elementor\/thumbs\/Diseno-sin-titulo-1-r4oheujm3o4dp4sxoii1g098mmhcm89ekpmo1lo8g8.png\" title=\"Dise\u00f1o sin t\u00edtulo (1)\" alt=\"Dise\u00f1o sin t\u00edtulo (1)\" loading=\"lazy\" \/>\t\t\t\t\t\t\t\t\t\t\t\t\t\t\t<\/div>\n\t\t\t\t<\/div>\n\t\t\t\t\t<\/div>\n\t\t\t\t<\/div>\n\t\t\t\t<\/div>\n\t\t","protected":false},"excerpt":{"rendered":"<p>\u00a1Bienvenidos al Aula Matinal! \u00a0 En La Salle Mirandilla, ofrecemos a las familias un servicio de Aula Matinal para facilitar la conciliaci\u00f3n familiar y laboral. \u00bfQu\u00e9 es el Aula Matinal? El Aula Matinal es un espacio donde los ni\u00f1os\/as pueden estar desde las 7:30 de la ma\u00f1ana hasta el comienzo del horario lectivo. Durante este &#8230; <a title=\"Aula Matinal\" class=\"read-more\" href=\"https:\/\/lasallecadiz.es\/mirandilla\/aula-matinal-2\/\" aria-label=\"Leer m\u00e1s sobre Aula Matinal\">Leer m\u00e1s<\/a><\/p>\n","protected":false},"author":25,"featured_media":0,"parent":0,"menu_order":0,"comment_status":"closed","ping_status":"closed","template":"","meta":{"_eb_attr":"","footnotes":""},"class_list":["post-16290","page","type-page","status-publish"],"_links":{"self":[{"href":"https:\/\/lasallecadiz.es\/mirandilla\/wp-json\/wp\/v2\/pages\/16290","targetHints":{"allow":["GET"]}}],"collection":[{"href":"https:\/\/lasallecadiz.es\/mirandilla\/wp-json\/wp\/v2\/pages"}],"about":[{"href":"https:\/\/lasallecadiz.es\/mirandilla\/wp-json\/wp\/v2\/types\/page"}],"author":[{"embeddable":true,"href":"https:\/\/lasallecadiz.es\/mirandilla\/wp-json\/wp\/v2\/users\/25"}],"replies":[{"embeddable":true,"href":"https:\/\/lasallecadiz.es\/mirandilla\/wp-json\/wp\/v2\/comments?post=16290"}],"version-history":[{"count":8,"href":"https:\/\/lasallecadiz.es\/mirandilla\/wp-json\/wp\/v2\/pages\/16290\/revisions"}],"predecessor-version":[{"id":16626,"href":"https:\/\/lasallecadiz.es\/mirandilla\/wp-json\/wp\/v2\/pages\/16290\/revisions\/16626"}],"wp:attachment":[{"href":"https:\/\/lasallecadiz.es\/mirandilla\/wp-json\/wp\/v2\/media?parent=16290"}],"curies":[{"name":"wp","href":"https:\/\/api.w.org\/{rel}","templated":true}]}}