{"id":312,"date":"2017-01-30T19:17:22","date_gmt":"2017-01-30T19:17:22","guid":{"rendered":"https:\/\/lasallecadiz.es\/mirandilla\/?page_id=312"},"modified":"2025-03-12T09:58:00","modified_gmt":"2025-03-12T09:58:00","slug":"a-m-p-a-mirandilla","status":"publish","type":"page","link":"https:\/\/lasallecadiz.es\/mirandilla\/a-m-p-a-mirandilla\/","title":{"rendered":"A.M.P.A. Mirandilla"},"content":{"rendered":"<div class=\"post-meta-single\">\n<h1 class=\"title title-l title-post-single\" style=\"text-align: center\"><\/h1>\n<\/div>\n<div class=\"divider\"><\/div>\n<div class=\"post-single\">\n<p>El\u00a0A.M.P.A. de La Salle Mirandilla\u00a0colabora con el centro financiando o participando\u00a0en las distintas actividades que, para este nuevo a\u00f1o escolar, se han organizado. \u00c9stas no ser\u00edan posible sin la aportaci\u00f3n de las madres y padres que form\u00e1is parte de esta asociaci\u00f3n.<\/p>\n<\/div>\n<p>Desde la Asociaci\u00f3n de Madres y Padres nos gustar\u00eda recibir ideas y sugerencias propuestas por todos los que formamos parte de la AMPA, con el fin \u00fanico de que nuestros hijos tengan la posibilidad de recibir lo mejor y de la mejor manera posible. Por tal motivo, hemos puesto a vuestra disposici\u00f3n la siguiente direcci\u00f3n de correo:\u00a0<strong>ampamirandilla@lasallecadiz.es<\/strong><\/p>\n<p>Recibid un\u00a0afectuoso saludo<\/p>\n<p><strong>Desiree Navas Paul.<\/strong><\/p>\n<p><strong>Presidenta A.M.P.A.- La Salle Mirandilla.<\/strong><\/p>\n<p><strong>\u00bfQu\u00e9 es\u00a0la\u00a0AMPA?<\/strong><\/p>\n<p>Bajo la denominaci\u00f3n de Asociaci\u00f3n de Madres y Padres de Alumnos \u201cSan Juan Bautista de La Salle\u201d, del Colegio La Salle Mirandilla, se construye una Asociaci\u00f3n que est\u00e1 formada por todas aquellas madres, padres o tutores de alumnos y alumnas del Colegio, que sientan un inter\u00e9s manifiesto por la tarea educativa que en \u00e9l se lleva a cabo. Est\u00e1 regida por los preceptos de la Ley Org\u00e1nica del Derecho a la Educaci\u00f3n (LODE), desarrollada por el Real Decreto 1533\/86 de 11 de julio de 1986, Decreto 27\/1988 de 10 de febrero regulador de las A.P.A.S en la Comunidad Aut\u00f3noma de Andaluc\u00eda.<\/p>\n<p>El principal objetivo de esta Asociaci\u00f3n es dinamizar la relaci\u00f3n de los padres y madres con el Colegio, facilitar su implicaci\u00f3n en la tarea educativa de sus hijos y colaborar estrechamente en todos los \u00e1mbitos que sea posible y necesario.<\/p>\n<p>Si desea realizar alguna sugerencia o consulta puede hacerlo a trav\u00e9s de la siguiente direcci\u00f3n: <strong>ampamirandilla@lasallecadiz.es<\/strong><\/p>\n","protected":false},"excerpt":{"rendered":"<p>El\u00a0A.M.P.A. de La Salle Mirandilla\u00a0colabora con el centro financiando o participando\u00a0en las distintas actividades que, para este nuevo a\u00f1o escolar, se han organizado. \u00c9stas no ser\u00edan posible sin la aportaci\u00f3n de las madres y padres que form\u00e1is parte de esta asociaci\u00f3n. Desde la Asociaci\u00f3n de Madres y Padres nos gustar\u00eda recibir ideas y sugerencias propuestas &#8230; <a title=\"A.M.P.A. Mirandilla\" class=\"read-more\" href=\"https:\/\/lasallecadiz.es\/mirandilla\/a-m-p-a-mirandilla\/\" aria-label=\"Leer m\u00e1s sobre A.M.P.A. Mirandilla\">Leer m\u00e1s<\/a><\/p>\n","protected":false},"author":25,"featured_media":0,"parent":0,"menu_order":0,"comment_status":"closed","ping_status":"closed","template":"","meta":{"_eb_attr":"","footnotes":""},"class_list":["post-312","page","type-page","status-publish"],"_links":{"self":[{"href":"https:\/\/lasallecadiz.es\/mirandilla\/wp-json\/wp\/v2\/pages\/312","targetHints":{"allow":["GET"]}}],"collection":[{"href":"https:\/\/lasallecadiz.es\/mirandilla\/wp-json\/wp\/v2\/pages"}],"about":[{"href":"https:\/\/lasallecadiz.es\/mirandilla\/wp-json\/wp\/v2\/types\/page"}],"author":[{"embeddable":true,"href":"https:\/\/lasallecadiz.es\/mirandilla\/wp-json\/wp\/v2\/users\/25"}],"replies":[{"embeddable":true,"href":"https:\/\/lasallecadiz.es\/mirandilla\/wp-json\/wp\/v2\/comments?post=312"}],"version-history":[{"count":4,"href":"https:\/\/lasallecadiz.es\/mirandilla\/wp-json\/wp\/v2\/pages\/312\/revisions"}],"predecessor-version":[{"id":16283,"href":"https:\/\/lasallecadiz.es\/mirandilla\/wp-json\/wp\/v2\/pages\/312\/revisions\/16283"}],"wp:attachment":[{"href":"https:\/\/lasallecadiz.es\/mirandilla\/wp-json\/wp\/v2\/media?parent=312"}],"curies":[{"name":"wp","href":"https:\/\/api.w.org\/{rel}","templated":true}]}}

<div class="post-meta-single">
<h1 class="title title-l title-post-single" style="text-align: center"></h1>
</div>
<div class="divider"></div>
<div class="post-single">
<p>El A.M.P.A. de La Salle Mirandilla colabora con el centro financiando o participando en las distintas actividades que, para este nuevo año escolar, se han organizado. Éstas no serían posible sin la aportación de las madres y padres que formáis parte de esta asociación.</p>
</div>
<p>Desde la Asociación de Madres y Padres nos gustaría recibir ideas y sugerencias propuestas por todos los que formamos parte de la AMPA, con el fin único de que nuestros hijos tengan la posibilidad de recibir lo mejor y de la mejor manera posible. Por tal motivo, hemos puesto a vuestra disposición la siguiente dirección de correo: <strong>ampamirandilla@lasallecadiz.es</strong></p>
<p>Recibid un afectuoso saludo</p>
<p><strong>Desiree Navas Paul.</strong></p>
<p><strong>Presidenta A.M.P.A.- La Salle Mirandilla.</strong></p>
<p><strong>¿Qué es la AMPA?</strong></p>
<p>Bajo la denominación de Asociación de Madres y Padres de Alumnos “San Juan Bautista de La Salle”, del Colegio La Salle Mirandilla, se construye una Asociación que está formada por todas aquellas madres, padres o tutores de alumnos y alumnas del Colegio, que sientan un interés manifiesto por la tarea educativa que en él se lleva a cabo. Está regida por los preceptos de la Ley Orgánica del Derecho a la Educación (LODE), desarrollada por el Real Decreto 1533/86 de 11 de julio de 1986, Decreto 27/1988 de 10 de febrero regulador de las A.P.A.S en la Comunidad Autónoma de Andalucía.</p>
<p>El principal objetivo de esta Asociación es dinamizar la relación de los padres y madres con el Colegio, facilitar su implicación en la tarea educativa de sus hijos y colaborar estrechamente en todos los ámbitos que sea posible y necesario.</p>
<p>Si desea realizar alguna sugerencia o consulta puede hacerlo a través de la siguiente dirección: <strong>ampamirandilla@lasallecadiz.es</strong></p>

<p>El A.M.P.A. de La Salle Mirandilla colabora con el centro financiando o participando en las distintas actividades que, para este nuevo año escolar, se han organizado. Éstas no serían posible sin la aportación de las madres y padres que formáis parte de esta asociación. Desde la Asociación de Madres y Padres nos gustaría recibir ideas y sugerencias propuestas &#8230; <a title="A.M.P.A. Mirandilla" class="read-more" href="https://lasallecadiz.es/mirandilla/a-m-p-a-mirandilla/" aria-label="Leer más sobre A.M.P.A. Mirandilla">Leer más</a></p>
