{"id":6398,"date":"2020-11-22T09:53:06","date_gmt":"2020-11-22T09:53:06","guid":{"rendered":"https:\/\/lasallecadiz.es\/mirandilla\/?page_id=6398"},"modified":"2025-03-11T09:48:06","modified_gmt":"2025-03-11T09:48:06","slug":"caracter-propio-de-las-obras-educativas-la-salle","status":"publish","type":"page","link":"https:\/\/lasallecadiz.es\/mirandilla\/caracter-propio-de-las-obras-educativas-la-salle\/","title":{"rendered":"Car\u00e1cter propio de las Obras Educativas La Salle"},"content":{"rendered":"\n<p><strong>Propuesta cristiana y lasaliana<\/strong><br>La Salle fundamenta su acci\u00f3n educativa en la concepci\u00f3n cristiana de la persona y del mundo y participa de la misi\u00f3n evangelizadora de la Iglesia Cat\u00f3lica. Asumimos el desaf\u00edo constante de ofrecer un proyecto de evangelizaci\u00f3n: el centro es la persona; el horizonte que lo orienta es Jes\u00fas y su Evangelio.<\/p>\n\n\n\n<p><strong>Al servicio de la ni\u00f1ez y juventud<\/strong><br>La misi\u00f3n de la escuela lasaliana es la educaci\u00f3n humana y cristiana de los ni\u00f1os y j\u00f3venes, con una sensibilidad especial hacia aquellos que m\u00e1s lo necesitan. Esta preferencia nos viene del carisma lasaliano. La Comunidad Educativa Lasaliana se siente responsable de ofrecer las respuestas creativas m\u00e1s adecuadas a sus necesidades.<\/p>\n\n\n\n<p><strong>Al servicio de la sociedad<\/strong><br>El Proyecto Educativo Lasaliano est\u00e1 al servicio de la sociedad. Por ello, nos comprometemos en la construcci\u00f3n de una sociedad m\u00e1s justa y solidaria y desarrollamos una conciencia social cr\u00edtica y comprometida en todos los miembros de la Comunidad Educativa. Queremos dar respuesta a las realidades sociales y ser elemento transformador de las mismas mediante la solidaridad y la promoci\u00f3n del voluntariado, en colaboraci\u00f3n con otros organismos.<\/p>\n\n\n\n<p>Toda Obra Lasaliana ejerce su acci\u00f3n educativa enraizada en la realidad, cultura, costumbres y tradiciones del lugar donde se ubica. Se ofrece como propuesta educativa, respetuosa con las convicciones personales; expresa su compromiso por la integraci\u00f3n social de las personas de diferentes culturas y religiones que acuden a ella. Entiende la diversidad como elemento que enriquece a la Comunidad.<\/p>\n\n\n\n<p>Las Obras Lasalianas quieren ser escuela para la vida. Por eso cuidan con especial esmero las relaciones con su entorno social, cultural, econ\u00f3mico, eclesial y natural.<\/p>\n\n\n\n<p class=\"has-text-align-center\">[3d-flip-book mode=\u00bbfullscreen\u00bb id=\u00bb6651&#8243;][\/3d-flip-book]<\/p>\n","protected":false},"excerpt":{"rendered":"<p>Propuesta cristiana y lasalianaLa Salle fundamenta su acci\u00f3n educativa en la concepci\u00f3n cristiana de la persona y del mundo y participa de la misi\u00f3n evangelizadora de la Iglesia Cat\u00f3lica. Asumimos el desaf\u00edo constante de ofrecer un proyecto de evangelizaci\u00f3n: el centro es la persona; el horizonte que lo orienta es Jes\u00fas y su Evangelio. Al &#8230; <a title=\"Car\u00e1cter propio de las Obras Educativas La Salle\" class=\"read-more\" href=\"https:\/\/lasallecadiz.es\/mirandilla\/caracter-propio-de-las-obras-educativas-la-salle\/\" aria-label=\"Leer m\u00e1s sobre Car\u00e1cter propio de las Obras Educativas La Salle\">Leer m\u00e1s<\/a><\/p>\n","protected":false},"author":25,"featured_media":0,"parent":0,"menu_order":0,"comment_status":"closed","ping_status":"closed","template":"","meta":{"_eb_attr":"","footnotes":""},"class_list":["post-6398","page","type-page","status-publish"],"_links":{"self":[{"href":"https:\/\/lasallecadiz.es\/mirandilla\/wp-json\/wp\/v2\/pages\/6398","targetHints":{"allow":["GET"]}}],"collection":[{"href":"https:\/\/lasallecadiz.es\/mirandilla\/wp-json\/wp\/v2\/pages"}],"about":[{"href":"https:\/\/lasallecadiz.es\/mirandilla\/wp-json\/wp\/v2\/types\/page"}],"author":[{"embeddable":true,"href":"https:\/\/lasallecadiz.es\/mirandilla\/wp-json\/wp\/v2\/users\/25"}],"replies":[{"embeddable":true,"href":"https:\/\/lasallecadiz.es\/mirandilla\/wp-json\/wp\/v2\/comments?post=6398"}],"version-history":[{"count":6,"href":"https:\/\/lasallecadiz.es\/mirandilla\/wp-json\/wp\/v2\/pages\/6398\/revisions"}],"predecessor-version":[{"id":16369,"href":"https:\/\/lasallecadiz.es\/mirandilla\/wp-json\/wp\/v2\/pages\/6398\/revisions\/16369"}],"wp:attachment":[{"href":"https:\/\/lasallecadiz.es\/mirandilla\/wp-json\/wp\/v2\/media?parent=6398"}],"curies":[{"name":"wp","href":"https:\/\/api.w.org\/{rel}","templated":true}]}}