{"id":15125,"date":"2024-03-01T09:46:15","date_gmt":"2024-03-01T09:46:15","guid":{"rendered":"https:\/\/lasallevirgendelmar.com\/?page_id=15125"},"modified":"2026-01-22T08:34:33","modified_gmt":"2026-01-22T08:34:33","slug":"pastoral-la-salle","status":"publish","type":"page","link":"https:\/\/lasallecadiz.es\/vina\/pastoral-la-salle\/","title":{"rendered":"Pastoral La Salle"},"content":{"rendered":"\t\t<div data-elementor-type=\"wp-page\" data-elementor-id=\"15125\" class=\"elementor elementor-15125\">\n\t\t\t\t<div class=\"elementor-element elementor-element-be86ba6 e-con-full e-flex e-con e-parent\" data-id=\"be86ba6\" data-element_type=\"container\" data-e-type=\"container\">\n\t\t\t\t<div class=\"elementor-element elementor-element-fdb9d2c elementor-widget elementor-widget-wp-widget-text\" data-id=\"fdb9d2c\" data-element_type=\"widget\" data-e-type=\"widget\" data-widget_type=\"wp-widget-text.default\">\n\t\t\t\t<div class=\"elementor-widget-container\">\n\t\t\t\t\t\t\t\t<div class=\"textwidget\"><p>Las obras educativas La Salle, hoy como ayer, son fieles a su misi\u00f3n educativa y evangelizadora si est\u00e1n en un continuo proceso de innovaci\u00f3n para servir m\u00e1s y mejor a los destinatarios en cada situaci\u00f3n social y cultural.<\/p>\n<p>El ni\u00f1o y el joven de hoy exigen de nosotros respuestas acordes a sus necesidades y a la cultura en la que est\u00e1n inmersos. Una fe que se explicita y se intenta transmitir en par\u00e1metros no inculturizados ni suficientemente socializados, es una fe ininteligible y poco asumible por las personas.<\/p>\n<p>El destinatario de nuestras obras educativas necesita sentirse \u201cenredado\u201d por una serie de experiencias vitales que le conduzcan a unas interconexiones de sentido y le permitan unificar vitalmente su proceso de maduraci\u00f3n personal.<\/p>\n<p>&nbsp;<\/p>\n<\/div>\n\t\t\t\t\t\t<\/div>\n\t\t\t\t<\/div>\n\t\t\t\t<div class=\"elementor-element elementor-element-1cc55e4 elementor-widget elementor-widget-image\" data-id=\"1cc55e4\" data-element_type=\"widget\" data-e-type=\"widget\" data-widget_type=\"image.default\">\n\t\t\t\t<div class=\"elementor-widget-container\">\n\t\t\t\t\t\t\t\t\t\t\t\t\t\t\t<img fetchpriority=\"high\" decoding=\"async\" width=\"1024\" height=\"768\" src=\"https:\/\/lasallecadiz.es\/vina\/wp-content\/uploads\/sites\/4\/2025\/05\/Imagen-de-WhatsApp-2025-05-14-a-las-10.27.31_8ec9d65d-1024x768.jpg\" class=\"attachment-large size-large wp-image-16773\" alt=\"\" srcset=\"https:\/\/lasallecadiz.es\/vina\/wp-content\/uploads\/sites\/4\/2025\/05\/Imagen-de-WhatsApp-2025-05-14-a-las-10.27.31_8ec9d65d-1024x768.jpg 1024w, https:\/\/lasallecadiz.es\/vina\/wp-content\/uploads\/sites\/4\/2025\/05\/Imagen-de-WhatsApp-2025-05-14-a-las-10.27.31_8ec9d65d-300x225.jpg 300w, https:\/\/lasallecadiz.es\/vina\/wp-content\/uploads\/sites\/4\/2025\/05\/Imagen-de-WhatsApp-2025-05-14-a-las-10.27.31_8ec9d65d-768x576.jpg 768w, https:\/\/lasallecadiz.es\/vina\/wp-content\/uploads\/sites\/4\/2025\/05\/Imagen-de-WhatsApp-2025-05-14-a-las-10.27.31_8ec9d65d-1536x1152.jpg 1536w, https:\/\/lasallecadiz.es\/vina\/wp-content\/uploads\/sites\/4\/2025\/05\/Imagen-de-WhatsApp-2025-05-14-a-las-10.27.31_8ec9d65d.jpg 1600w\" sizes=\"(max-width: 1024px) 100vw, 1024px\" \/>\t\t\t\t\t\t\t\t\t\t\t\t\t\t\t<\/div>\n\t\t\t\t<\/div>\n\t\t\t\t<div class=\"elementor-element elementor-element-e8efab5 elementor-widget elementor-widget-wp-widget-text\" data-id=\"e8efab5\" data-element_type=\"widget\" data-e-type=\"widget\" data-widget_type=\"wp-widget-text.default\">\n\t\t\t\t<div class=\"elementor-widget-container\">\n\t\t\t\t\t\t\t\t<div class=\"textwidget\"><p>La educaci\u00f3n persigue m\u00e1s el ser que el hacer. Esto supone un proceso pedag\u00f3gico en el que cobra importancia la labor del educador. Se convierte en aut\u00e9ntico testigo de la fe que le sustenta y se ofrece como mediador y acompa\u00f1ante de los destinatarios que \u201cle han sido confiados\u201d.<\/p>\n<p>La propuesta de m\u00faltiples itinerarios no lineales que ofrezcan experiencias acompa\u00f1adas en el proceso de la Fe, har\u00e1 que el ni\u00f1o, el joven y el adulto vayan poniendo nombre a aquello que le hace ser. Posiblemente, es aquello que tambi\u00e9n ve reflejado en la vida de tantos educadores que viven su ministerio como autentica vocaci\u00f3n educativa y evangelizadora.<\/p>\n<p><strong>\u00a0 \u00a0 \u00a0 Principios de nuestra pastoral:<\/strong><\/p>\n<ul>\n<li>Una metodolog\u00eda EXPERIENCIAL\u00a0 \u00a0 \u00a0 \u00a0 \u00a0 \u00a0 \u00a0 Cultura del ACOMPA\u00d1AMIENTO<\/li>\n<li>Basada en un modelo RELACIONAL\u00a0 \u00a0 \u00a0 \u00a0 \u00a0A partir de cuatro n\u00facleos: DIOS, IGLESIA, MUNDO y YO<\/li>\n<\/ul>\n<\/div>\n\t\t\t\t\t\t<\/div>\n\t\t\t\t<\/div>\n\t\t\t\t<div class=\"elementor-element elementor-element-995c824 elementor-widget elementor-widget-image\" data-id=\"995c824\" data-element_type=\"widget\" data-e-type=\"widget\" data-widget_type=\"image.default\">\n\t\t\t\t<div class=\"elementor-widget-container\">\n\t\t\t\t\t\t\t\t\t\t\t\t\t\t\t<img decoding=\"async\" width=\"1024\" height=\"768\" src=\"https:\/\/lasallecadiz.es\/vina\/wp-content\/uploads\/sites\/4\/2025\/05\/Imagen-de-WhatsApp-2025-05-14-a-las-10.29.07_84c0a0b6-1024x768.jpg\" class=\"attachment-large size-large wp-image-16769\" alt=\"\" srcset=\"https:\/\/lasallecadiz.es\/vina\/wp-content\/uploads\/sites\/4\/2025\/05\/Imagen-de-WhatsApp-2025-05-14-a-las-10.29.07_84c0a0b6-1024x768.jpg 1024w, https:\/\/lasallecadiz.es\/vina\/wp-content\/uploads\/sites\/4\/2025\/05\/Imagen-de-WhatsApp-2025-05-14-a-las-10.29.07_84c0a0b6-300x225.jpg 300w, https:\/\/lasallecadiz.es\/vina\/wp-content\/uploads\/sites\/4\/2025\/05\/Imagen-de-WhatsApp-2025-05-14-a-las-10.29.07_84c0a0b6-768x576.jpg 768w, https:\/\/lasallecadiz.es\/vina\/wp-content\/uploads\/sites\/4\/2025\/05\/Imagen-de-WhatsApp-2025-05-14-a-las-10.29.07_84c0a0b6-1536x1152.jpg 1536w, https:\/\/lasallecadiz.es\/vina\/wp-content\/uploads\/sites\/4\/2025\/05\/Imagen-de-WhatsApp-2025-05-14-a-las-10.29.07_84c0a0b6.jpg 1600w\" sizes=\"(max-width: 1024px) 100vw, 1024px\" \/>\t\t\t\t\t\t\t\t\t\t\t\t\t\t\t<\/div>\n\t\t\t\t<\/div>\n\t\t\t\t<\/div>\n\t\t<div class=\"elementor-element elementor-element-bc74468 e-flex e-con-boxed e-con e-parent\" data-id=\"bc74468\" data-element_type=\"container\" data-e-type=\"container\">\n\t\t\t\t\t<div class=\"e-con-inner\">\n\t\t\t\t<div class=\"elementor-element elementor-element-5f73f8d elementor-widget elementor-widget-wp-widget-block\" data-id=\"5f73f8d\" data-element_type=\"widget\" data-e-type=\"widget\" data-widget_type=\"wp-widget-block.default\">\n\t\t\t\t<div class=\"elementor-widget-container\">\n\t\t\t\t\tEn todas nuestras etapas educativas (Infantil, Primaria, ESO, Bachillerato, FPB y CCFF) ofrecemos a los alumnos experiencias adaptadas a su edad planteadas en actividades formativas desde la asignatura de Religi\u00f3n, actividades de sensibilizaci\u00f3n y reflexi\u00f3n sobre el mundo que nos rodea, actividades de voluntariado y\/o de recaudaci\u00f3n econ\u00f3mica en favor de algunas ONGs, oraciones, celebraciones de la Palabra de Dios\u2026 Siempre fundamentados en el carisma del fundador de nuestras Escuelas, San Juan Bautista de La Salle.\t\t\t\t<\/div>\n\t\t\t\t<\/div>\n\t\t\t\t\t<\/div>\n\t\t\t\t<\/div>\n\t\t<div class=\"elementor-element elementor-element-7c55466 e-flex e-con-boxed e-con e-parent\" data-id=\"7c55466\" data-element_type=\"container\" data-e-type=\"container\">\n\t\t\t\t\t<div class=\"e-con-inner\">\n\t\t\t\t<div class=\"elementor-element elementor-element-8a44a31 elementor-widget elementor-widget-wp-widget-text\" data-id=\"8a44a31\" data-element_type=\"widget\" data-e-type=\"widget\" data-widget_type=\"wp-widget-text.default\">\n\t\t\t\t<div class=\"elementor-widget-container\">\n\t\t\t\t\t\t\t\t<div class=\"textwidget\"><p>De forma m\u00e1s concreta, y ya en horario extraescolar, acompa\u00f1amos a los ni\u00f1os y adolescentes en su proceso formativo en la Fe. Este acompa\u00f1amiento se realiza en los primeros momentos en la Catequesis de Iniciaci\u00f3n que culmina con la celebraci\u00f3n de la Primera Comuni\u00f3n y prosigue en el itinerario propuesto por Salle Joven Andaluc\u00eda: asociaci\u00f3n juvenil, de \u00e1mbito regional y que siguiendo la experiencia pastoral y educativa de la Congregaci\u00f3n de los Hermanos de las Escuelas Cristianas, pretende ofrecer a los ni\u00f1os, adolescentes y j\u00f3venes una serie de servicios de cara a contribuir al desarrollo integral de su personalidad y promocionar su formaci\u00f3n humana y social, de acuerdo con los principios e ideas de San Juan Bautista de La Salle.<\/p>\n<\/div>\n\t\t\t\t\t\t<\/div>\n\t\t\t\t<\/div>\n\t\t\t\t\t<\/div>\n\t\t\t\t<\/div>\n\t\t\t\t<\/div>\n\t\t","protected":false},"excerpt":{"rendered":"","protected":false},"author":123482,"featured_media":0,"parent":0,"menu_order":0,"comment_status":"closed","ping_status":"closed","template":"","meta":{"_eb_attr":"","footnotes":""},"class_list":["post-15125","page","type-page","status-publish"],"_links":{"self":[{"href":"https:\/\/lasallecadiz.es\/vina\/wp-json\/wp\/v2\/pages\/15125","targetHints":{"allow":["GET"]}}],"collection":[{"href":"https:\/\/lasallecadiz.es\/vina\/wp-json\/wp\/v2\/pages"}],"about":[{"href":"https:\/\/lasallecadiz.es\/vina\/wp-json\/wp\/v2\/types\/page"}],"author":[{"embeddable":true,"href":"https:\/\/lasallecadiz.es\/vina\/wp-json\/wp\/v2\/users\/123482"}],"replies":[{"embeddable":true,"href":"https:\/\/lasallecadiz.es\/vina\/wp-json\/wp\/v2\/comments?post=15125"}],"version-history":[{"count":49,"href":"https:\/\/lasallecadiz.es\/vina\/wp-json\/wp\/v2\/pages\/15125\/revisions"}],"predecessor-version":[{"id":16802,"href":"https:\/\/lasallecadiz.es\/vina\/wp-json\/wp\/v2\/pages\/15125\/revisions\/16802"}],"wp:attachment":[{"href":"https:\/\/lasallecadiz.es\/vina\/wp-json\/wp\/v2\/media?parent=15125"}],"curies":[{"name":"wp","href":"https:\/\/api.w.org\/{rel}","templated":true}]}}

<div data-elementor-type="wp-page" data-elementor-id="15125" class="elementor elementor-15125">
				<div class="elementor-element elementor-element-be86ba6 e-con-full e-flex e-con e-parent" data-id="be86ba6" data-element_type="container" data-e-type="container">
				<div class="elementor-element elementor-element-fdb9d2c elementor-widget elementor-widget-wp-widget-text" data-id="fdb9d2c" data-element_type="widget" data-e-type="widget" data-widget_type="wp-widget-text.default">
				<div class="elementor-widget-container">
								<div class="textwidget"><p>Las obras educativas La Salle, hoy como ayer, son fieles a su misión educativa y evangelizadora si están en un continuo proceso de innovación para servir más y mejor a los destinatarios en cada situación social y cultural.</p>
<p>El niño y el joven de hoy exigen de nosotros respuestas acordes a sus necesidades y a la cultura en la que están inmersos. Una fe que se explicita y se intenta transmitir en parámetros no inculturizados ni suficientemente socializados, es una fe ininteligible y poco asumible por las personas.</p>
<p>El destinatario de nuestras obras educativas necesita sentirse “enredado” por una serie de experiencias vitales que le conduzcan a unas interconexiones de sentido y le permitan unificar vitalmente su proceso de maduración personal.</p>
<p>&nbsp;</p>
</div>
						</div>
				</div>
				<div class="elementor-element elementor-element-1cc55e4 elementor-widget elementor-widget-image" data-id="1cc55e4" data-element_type="widget" data-e-type="widget" data-widget_type="image.default">
				<div class="elementor-widget-container">
															<img fetchpriority="high" decoding="async" width="1024" height="768" src="https://lasallecadiz.es/vina/wp-content/uploads/sites/4/2025/05/Imagen-de-WhatsApp-2025-05-14-a-las-10.27.31_8ec9d65d-1024x768.jpg" class="attachment-large size-large wp-image-16773" alt="" srcset="https://lasallecadiz.es/vina/wp-content/uploads/sites/4/2025/05/Imagen-de-WhatsApp-2025-05-14-a-las-10.27.31_8ec9d65d-1024x768.jpg 1024w, https://lasallecadiz.es/vina/wp-content/uploads/sites/4/2025/05/Imagen-de-WhatsApp-2025-05-14-a-las-10.27.31_8ec9d65d-300x225.jpg 300w, https://lasallecadiz.es/vina/wp-content/uploads/sites/4/2025/05/Imagen-de-WhatsApp-2025-05-14-a-las-10.27.31_8ec9d65d-768x576.jpg 768w, https://lasallecadiz.es/vina/wp-content/uploads/sites/4/2025/05/Imagen-de-WhatsApp-2025-05-14-a-las-10.27.31_8ec9d65d-1536x1152.jpg 1536w, https://lasallecadiz.es/vina/wp-content/uploads/sites/4/2025/05/Imagen-de-WhatsApp-2025-05-14-a-las-10.27.31_8ec9d65d.jpg 1600w" sizes="(max-width: 1024px) 100vw, 1024px" />															</div>
				</div>
				<div class="elementor-element elementor-element-e8efab5 elementor-widget elementor-widget-wp-widget-text" data-id="e8efab5" data-element_type="widget" data-e-type="widget" data-widget_type="wp-widget-text.default">
				<div class="elementor-widget-container">
								<div class="textwidget"><p>La educación persigue más el ser que el hacer. Esto supone un proceso pedagógico en el que cobra importancia la labor del educador. Se convierte en auténtico testigo de la fe que le sustenta y se ofrece como mediador y acompañante de los destinatarios que “le han sido confiados”.</p>
<p>La propuesta de múltiples itinerarios no lineales que ofrezcan experiencias acompañadas en el proceso de la Fe, hará que el niño, el joven y el adulto vayan poniendo nombre a aquello que le hace ser. Posiblemente, es aquello que también ve reflejado en la vida de tantos educadores que viven su ministerio como autentica vocación educativa y evangelizadora.</p>
<p><strong>      Principios de nuestra pastoral:</strong></p>
<ul>
<li>Una metodología EXPERIENCIAL              Cultura del ACOMPAÑAMIENTO</li>
<li>Basada en un modelo RELACIONAL         A partir de cuatro núcleos: DIOS, IGLESIA, MUNDO y YO</li>
</ul>
</div>
						</div>
				</div>
				<div class="elementor-element elementor-element-995c824 elementor-widget elementor-widget-image" data-id="995c824" data-element_type="widget" data-e-type="widget" data-widget_type="image.default">
				<div class="elementor-widget-container">
															<img decoding="async" width="1024" height="768" src="https://lasallecadiz.es/vina/wp-content/uploads/sites/4/2025/05/Imagen-de-WhatsApp-2025-05-14-a-las-10.29.07_84c0a0b6-1024x768.jpg" class="attachment-large size-large wp-image-16769" alt="" srcset="https://lasallecadiz.es/vina/wp-content/uploads/sites/4/2025/05/Imagen-de-WhatsApp-2025-05-14-a-las-10.29.07_84c0a0b6-1024x768.jpg 1024w, https://lasallecadiz.es/vina/wp-content/uploads/sites/4/2025/05/Imagen-de-WhatsApp-2025-05-14-a-las-10.29.07_84c0a0b6-300x225.jpg 300w, https://lasallecadiz.es/vina/wp-content/uploads/sites/4/2025/05/Imagen-de-WhatsApp-2025-05-14-a-las-10.29.07_84c0a0b6-768x576.jpg 768w, https://lasallecadiz.es/vina/wp-content/uploads/sites/4/2025/05/Imagen-de-WhatsApp-2025-05-14-a-las-10.29.07_84c0a0b6-1536x1152.jpg 1536w, https://lasallecadiz.es/vina/wp-content/uploads/sites/4/2025/05/Imagen-de-WhatsApp-2025-05-14-a-las-10.29.07_84c0a0b6.jpg 1600w" sizes="(max-width: 1024px) 100vw, 1024px" />															</div>
				</div>
				</div>
		<div class="elementor-element elementor-element-bc74468 e-flex e-con-boxed e-con e-parent" data-id="bc74468" data-element_type="container" data-e-type="container">
					<div class="e-con-inner">
				<div class="elementor-element elementor-element-5f73f8d elementor-widget elementor-widget-wp-widget-block" data-id="5f73f8d" data-element_type="widget" data-e-type="widget" data-widget_type="wp-widget-block.default">
				<div class="elementor-widget-container">
					En todas nuestras etapas educativas (Infantil, Primaria, ESO, Bachillerato, FPB y CCFF) ofrecemos a los alumnos experiencias adaptadas a su edad planteadas en actividades formativas desde la asignatura de Religión, actividades de sensibilización y reflexión sobre el mundo que nos rodea, actividades de voluntariado y/o de recaudación económica en favor de algunas ONGs, oraciones, celebraciones de la Palabra de Dios… Siempre fundamentados en el carisma del fundador de nuestras Escuelas, San Juan Bautista de La Salle.				</div>
				</div>
					</div>
				</div>
		<div class="elementor-element elementor-element-7c55466 e-flex e-con-boxed e-con e-parent" data-id="7c55466" data-element_type="container" data-e-type="container">
					<div class="e-con-inner">
				<div class="elementor-element elementor-element-8a44a31 elementor-widget elementor-widget-wp-widget-text" data-id="8a44a31" data-element_type="widget" data-e-type="widget" data-widget_type="wp-widget-text.default">
				<div class="elementor-widget-container">
								<div class="textwidget"><p>De forma más concreta, y ya en horario extraescolar, acompañamos a los niños y adolescentes en su proceso formativo en la Fe. Este acompañamiento se realiza en los primeros momentos en la Catequesis de Iniciación que culmina con la celebración de la Primera Comunión y prosigue en el itinerario propuesto por Salle Joven Andalucía: asociación juvenil, de ámbito regional y que siguiendo la experiencia pastoral y educativa de la Congregación de los Hermanos de las Escuelas Cristianas, pretende ofrecer a los niños, adolescentes y jóvenes una serie de servicios de cara a contribuir al desarrollo integral de su personalidad y promocionar su formación humana y social, de acuerdo con los principios e ideas de San Juan Bautista de La Salle.</p>
</div>
						</div>
				</div>
					</div>
				</div>
				</div>
