{"id":16416,"date":"2022-01-20T10:23:50","date_gmt":"2022-01-20T10:23:50","guid":{"rendered":"https:\/\/lasallecadiz.es\/?page_id=8989"},"modified":"2026-01-22T08:34:32","modified_gmt":"2026-01-22T08:34:32","slug":"escolarizacion-3","status":"publish","type":"page","link":"https:\/\/lasallecadiz.es\/vina\/escolarizacion-3\/","title":{"rendered":"Escolarizacion 2025\/2026"},"content":{"rendered":"\n<div class=\"wp-block-columns is-layout-flex wp-container-core-columns-is-layout-9d6595d7 wp-block-columns-is-layout-flex\">\n<div class=\"wp-block-column is-layout-flow wp-block-column-is-layout-flow\"><div class=\"wp-block-image\">\n<figure class=\"aligncenter size-large\"><img decoding=\"async\" src=\"https:\/\/lasallecadiz.es\/wp-content\/uploads\/2025\/02\/Imagen-de-WhatsApp-2025-02-14-a-las-13.00.20_7ecfcf9d-1024x512.jpg\" alt=\"\" class=\"wp-image-16150\" \/><\/figure>\n<\/div>\n\n\n<p><\/p>\n\n\n\n<p><\/p>\n\n\n\n<p><\/p>\n\n\n\n<div class=\"wp-block-columns is-layout-flex wp-container-core-columns-is-layout-9d6595d7 wp-block-columns-is-layout-flex\">\n<div class=\"wp-block-column is-layout-flow wp-block-column-is-layout-flow\">\n<p><\/p>\n\n\n\n<p><\/p>\n\n\n\n<p><\/p>\n\n\n\n<h2 class=\"wp-block-heading has-text-align-center\"><strong>\u00bfPor qu\u00e9 elegir La Salle?<\/strong><\/h2>\n\n\n\n<p>La primera vez que tenemos que dejar a nuestro hijo\/a en el colegio es un momento&nbsp;<em>duro<\/em>&nbsp;para toda madre o&nbsp;padre. Por eso, tener la certeza de dejarlo en las mejores manos es una tranquilidad vital.<\/p>\n\n\n\n<div class=\"wp-block-ultimate-post-button-group ultp-block-f955fa\"><div class=\"ultp-button-wrapper ultp-button-frontend ultp-anim-none\">\n<a class=\"wp-block-ultimate-post-button ultp-block-408ace ultp-button-layout1\" href=\"https:\/\/lasallecadiz.es\/cita-previa-jornada-de-puertas-abiertas\/\" target=\"_self\" rel=\"noopener\"><div class=\"ultp-btnIcon-wrap\"><svg xmlns=\"http:\/\/www.w3.org\/2000\/svg\" viewBox=\"0 0 48 48\"><g><path d=\"M24 4.1A19.9 19.9 0 1 1 4.1 24 19.922 19.922 0 0 1 24 4.1M24 0a24 24 0 1 0 24 24A24 24 0 0 0 24 0\"><\/path><path stroke=\"rgba(0,0,0,0)\" stroke-miterlimit=\"10\" d=\"M22.551 34.324a2.048 2.048 0 0 1 0-2.9l5.376-5.377H15.125a2.05 2.05 0 0 1 0-4.1h12.8l-5.374-5.373a2.05 2.05 0 1 1 2.9-2.9l8.845 8.843.063.062 1.416 1.42-1.422 1.422-.055.055-8.849 8.848a2.047 2.047 0 0 1-2.9 0Z\"><\/path><\/g><\/svg><\/div><div class=\"ultp-button-text\">VEN A CONOCERNOS!<\/div><\/a>\n<\/div><\/div>\n<\/div>\n\n\n\n<div class=\"wp-block-column is-layout-flow wp-block-column-is-layout-flow\">\n<figure class=\"wp-block-embed aligncenter is-type-video is-provider-youtube wp-block-embed-youtube wp-embed-aspect-16-9 wp-has-aspect-ratio\"><div class=\"wp-block-embed__wrapper\">\n<iframe title=\"La Salle. La escuela de todos (castellano)\" width=\"1200\" height=\"675\" src=\"https:\/\/www.youtube.com\/embed\/iOkxDhId5l8?feature=oembed\" frameborder=\"0\" allow=\"accelerometer; autoplay; clipboard-write; encrypted-media; gyroscope; picture-in-picture; web-share\" referrerpolicy=\"strict-origin-when-cross-origin\" allowfullscreen><\/iframe>\n<\/div><\/figure>\n<\/div>\n<\/div>\n\n\n\n<div class=\"wp-block-columns is-layout-flex wp-container-core-columns-is-layout-9d6595d7 wp-block-columns-is-layout-flex\">\n<div class=\"wp-block-column is-layout-flow wp-block-column-is-layout-flow\"><div class=\"wp-block-image\">\n<figure class=\"aligncenter size-full\"><img decoding=\"async\" src=\"https:\/\/lasallecadiz.es\/wp-content\/uploads\/2025\/02\/1-150x150-2.png\" alt=\"\" class=\"wp-image-16123\" \/><\/figure>\n<\/div>\n\n\n<p class=\"has-text-align-center\">Porque&nbsp;<strong>ubicamos al alumno en el centro de nuestro proyecto<\/strong>. \u00c9l es el protagonista del proceso de ense\u00f1anza aprendizaje<\/p>\n<\/div>\n\n\n\n<div class=\"wp-block-column is-layout-flow wp-block-column-is-layout-flow\"><div class=\"wp-block-image\">\n<figure class=\"aligncenter size-full\"><img decoding=\"async\" src=\"https:\/\/lasallecadiz.es\/wp-content\/uploads\/2025\/02\/2-150x150-2.png\" alt=\"\" class=\"wp-image-16124\" \/><\/figure>\n<\/div>\n\n\n<p class=\"has-text-align-center\">Porque&nbsp;<strong>ubicamos al alumno en el centro de nuestro proyecto<\/strong>. \u00c9l es el protagonista del proceso de ense\u00f1anza aprendizaje<\/p>\n<\/div>\n\n\n\n<div class=\"wp-block-column is-layout-flow wp-block-column-is-layout-flow\"><div class=\"wp-block-image\">\n<figure class=\"aligncenter size-full\"><img decoding=\"async\" src=\"https:\/\/lasallecadiz.es\/wp-content\/uploads\/2025\/02\/3-150x150-1.png\" alt=\"\" class=\"wp-image-16119\" \/><\/figure>\n<\/div>\n\n\n<p class=\"has-text-align-center\">Porque somos una escuela donde el enfoque educativo prioriza el desarrollo de&nbsp;<strong>habilidades, actitudes y conocimientos pr\u00e1cticos<\/strong>.<\/p>\n<\/div>\n<\/div>\n\n\n\n<div class=\"wp-block-columns is-layout-flex wp-container-core-columns-is-layout-9d6595d7 wp-block-columns-is-layout-flex\">\n<div class=\"wp-block-column is-layout-flow wp-block-column-is-layout-flow\"><div class=\"wp-block-image\">\n<figure class=\"aligncenter size-full\"><img decoding=\"async\" src=\"https:\/\/lasallecadiz.es\/wp-content\/uploads\/2025\/02\/4-150x150-1.png\" alt=\"\" class=\"wp-image-16120\" \/><\/figure>\n<\/div>\n\n\n<p class=\"has-text-align-center\">Porque somos&nbsp;<strong>una escuela innovadora, del futuro, tecnol\u00f3gica<\/strong>, que anticipa la demanda que el mundo y la sociedad tiene para la persona del S. XXI.<\/p>\n<\/div>\n\n\n\n<div class=\"wp-block-column is-layout-flow wp-block-column-is-layout-flow\"><div class=\"wp-block-image\">\n<figure class=\"aligncenter size-full\"><img decoding=\"async\" src=\"https:\/\/lasallecadiz.es\/wp-content\/uploads\/2025\/02\/5-150x150-1.png\" alt=\"\" class=\"wp-image-16121\" \/><\/figure>\n<\/div>\n\n\n<p class=\"has-text-align-center\">Porque contamos con&nbsp;<strong>educadores vocacionados<\/strong>&nbsp;dispuestos a acompa\u00f1ar la vida y el aprendizaje del alumno.<\/p>\n<\/div>\n\n\n\n<div class=\"wp-block-column is-layout-flow wp-block-column-is-layout-flow\"><div class=\"wp-block-image\">\n<figure class=\"aligncenter size-full\"><img decoding=\"async\" src=\"https:\/\/lasallecadiz.es\/wp-content\/uploads\/2025\/02\/6-150x150-1.png\" alt=\"\" class=\"wp-image-16122\" \/><\/figure>\n<\/div>\n\n\n<p class=\"has-text-align-center\">Porque somos&nbsp;<strong>un colegio que quiere ser un hogar<\/strong>&nbsp;donde se vive, se crece, se busca, se orienta y reorienta la vida y, sobre todo, donde se \u00abES\u00bb.<\/p>\n<\/div>\n<\/div>\n\n\n<div class=\"wp-block-image\">\n<figure class=\"aligncenter size-large\"><img decoding=\"async\" src=\"https:\/\/lasallecadiz.es\/wp-content\/uploads\/2025\/02\/nca-1024x400.png\" alt=\"\" class=\"wp-image-16136\" \/><\/figure>\n<\/div>\n\n<div class=\"wp-block-image\">\n<figure class=\"aligncenter size-large\"><img decoding=\"async\" src=\"https:\/\/lasallecadiz.es\/wp-content\/uploads\/2025\/02\/campana-escolar-1024x293.png\" alt=\"\" class=\"wp-image-16138\" \/><\/figure>\n<\/div>\n\n\n<hr class=\"wp-block-separator has-text-color has-css-opacity has-background\" style=\"background-color:#f9c10a;color:#f9c10a\" \/>\n\n\n\n<p class=\"has-text-align-center has-large-font-size\">La Salle,<strong>&nbsp;#Laescueladetodos<\/strong><\/p>\n\n\n\n<hr class=\"wp-block-separator has-text-color has-css-opacity has-background\" style=\"background-color:#f9c10a;color:#f9c10a\" \/>\n\n\n\n<div class=\"wp-block-columns is-layout-flex wp-container-core-columns-is-layout-9d6595d7 wp-block-columns-is-layout-flex\">\n<div class=\"wp-block-column is-layout-flow wp-block-column-is-layout-flow\">\n<h3 class=\"wp-block-heading\" id=\"lo-que-mas-quieres-en-las-mejores-manos\"><strong>Lo que m\u00e1s quieres en las mejores manos<\/strong><\/h3>\n\n\n\n<p>La excelencia educativa de&nbsp;<strong>La Salle C\u00e1diz<\/strong>: <strong>Mirandilla\/Vi\u00f1a&nbsp;<\/strong>es reconocida por los diferentes premios y galardones que hemos recibido en nuestra larga trayectoria en C\u00e1diz (de m\u00e1s de 125 a\u00f1os). Nuestros colegios pertenecen a la RED de Obras La Salle, <\/p>\n\n\n\n<p><strong>La Salle C\u00e1diz: Mirandilla\/Vi\u00f1a<\/strong> desde los 3 a\u00f1os, ofrece una educaci\u00f3n en valores y conocimientos en la que destaca su apuesta por los idiomas, el trabajo cooperativo, la tecnolog\u00eda y la innovaci\u00f3n educativa. <\/p>\n\n\n\n<p>En las etapas de Infantil, Primaria Secundaria y C.F.G.B. de Servicios Administrativos hemos implementado el Nuevo Contexto de Aprendizaje: <strong>NCA<\/strong>, como el mundo evoluciona, la educaci\u00f3n en<strong> La Salle<\/strong> tambi\u00e9n. &nbsp;Es un marco pedag\u00f3gico y pastoral, con identidad propia, se basa en el aprendizaje de los tres saberes: el saber ser, el saber hacer y el saber (o saber pensar). Con ella se posibilita formar a una ciudadan\u00eda competente, que tenga en cuenta las competencias clave que demanda la construcci\u00f3n de una sociedad igualitaria, plural, din\u00e1mica, emprendedora, democr\u00e1tica y solidaria.<\/p>\n\n\n\n<hr class=\"wp-block-separator has-text-color has-css-opacity has-background\" style=\"background-color:#f9c10a;color:#f9c10a\" \/>\n\n\n\n<p class=\"has-text-align-center has-text-color\" style=\"color:#133e03;font-size:19px\">\u00ab.. Acompa\u00f1amos a su hijo\/a desde los 3 a\u00f1os hasta la  <em>universidad o formaci\u00f3n profesional.<\/em>. \u00ab<\/p>\n\n\n\n<hr class=\"wp-block-separator has-text-color has-css-opacity has-background\" style=\"background-color:#f9c10a;color:#f9c10a\" \/>\n\n\n\n<p>Somos centros&nbsp;<strong>concertados con la Consejer\u00eda de Educaci\u00f3n<\/strong>&nbsp;<strong>ofreciendo as\u00ed la <em>gratuidad del estudio<\/em>,<\/strong>&nbsp;en las etapas de<em>&nbsp;Segundo Ciclo de Educaci\u00f3n Infantil (3 a 5 a\u00f1os<\/em>.<em>), Educaci\u00f3n Primaria, Aula de Apoyo a la Integraci\u00f3n, Educaci\u00f3n Secundaria Obligatoria, C.F.G.B. de Servicios Administrativos, y<\/em>&nbsp;para la etapa de Bachillerato presenta&nbsp;<strong>concierto singular<\/strong>.<\/p>\n\n\n\n<h3 class=\"wp-block-heading\" id=\"el-centro-de-nuestra-mirada-es-la-persona\"><strong>\u201cEl centro de nuestra mirada es la persona<\/strong><strong>\u201c<\/strong><\/h3>\n\n\n\n<p>En La Salle creemos en la personalizaci\u00f3n del aprendizaje porque el centro de nuestra mirada es la persona. Conoce todo lo que te ofrecen las Obras Educativas La Salle.<\/p>\n\n\n\n<figure class=\"wp-block-embed aligncenter is-type-video is-provider-youtube wp-block-embed-youtube wp-embed-aspect-16-9 wp-has-aspect-ratio\"><div class=\"wp-block-embed__wrapper\">\n<iframe title=\"La Salle   Campa\u00f1a Imagina\" width=\"1200\" height=\"675\" src=\"https:\/\/www.youtube.com\/embed\/aAaN5gH6LEw?feature=oembed\" frameborder=\"0\" allow=\"accelerometer; autoplay; clipboard-write; encrypted-media; gyroscope; picture-in-picture; web-share\" referrerpolicy=\"strict-origin-when-cross-origin\" allowfullscreen><\/iframe>\n<\/div><\/figure>\n\n\n\n<p><\/p>\n<\/div>\n\n\n\n<div class=\"wp-block-column is-layout-flow wp-block-column-is-layout-flow\">\n<h3 class=\"wp-block-heading\" id=\"tu-primer-pasito-sin-cogerme-la-mano\"><strong>\u201cT<\/strong><strong>u primer pasito sin cogerme la mano\u201d<\/strong><\/h3>\n\n\n\n<p>\u00bfTienes un hijo\/a que escolarizar en Educaci\u00f3n Infantil de 3 a\u00f1os? No dejes de ver este v\u00eddeo.<\/p>\n\n\n\n<figure class=\"wp-block-embed aligncenter is-type-video is-provider-youtube wp-block-embed-youtube wp-embed-aspect-16-9 wp-has-aspect-ratio\"><div class=\"wp-block-embed__wrapper\">\n<iframe title=\"La Salle Campa\u00f1a: \u00bfQuieres?\" width=\"1200\" height=\"675\" src=\"https:\/\/www.youtube.com\/embed\/F9gf78N82Ao?feature=oembed\" frameborder=\"0\" allow=\"accelerometer; autoplay; clipboard-write; encrypted-media; gyroscope; picture-in-picture; web-share\" referrerpolicy=\"strict-origin-when-cross-origin\" allowfullscreen><\/iframe>\n<\/div><\/figure>\n\n\n\n<p><\/p>\n\n\n\n<h3 class=\"wp-block-heading\" id=\"queremos-ser-tu-colegio\"><strong>\u00a1\u00a1Queremos ser tu Colegio!!<\/strong><\/h3>\n\n\n\n<p>Desde La Salle C\u00e1diz apostamos por la atenci\u00f3n personalizada. Si desea conocernos y acudir a las jornadas de puertas abiertas, puede solicitarla a trav\u00e9s de este bot\u00f3n que le facilitamos.<\/p>\n\n\n\n<div class=\"wp-block-ultimate-post-button-group ultp-block-18a1f6\"><div class=\"ultp-button-wrapper ultp-button-frontend ultp-anim-none\">\n<a class=\"wp-block-ultimate-post-button ultp-block-ce2093 ultp-button-layout1\" href=\"https:\/\/lasallecadiz.es\/cita-previa-jornada-de-puertas-abiertas\/\" target=\"_self\" rel=\"noopener\"><div class=\"ultp-btnIcon-wrap\"><svg xmlns=\"http:\/\/www.w3.org\/2000\/svg\" viewBox=\"0 0 48 48\"><g><path d=\"M24 4.1A19.9 19.9 0 1 1 4.1 24 19.922 19.922 0 0 1 24 4.1M24 0a24 24 0 1 0 24 24A24 24 0 0 0 24 0\"><\/path><path stroke=\"rgba(0,0,0,0)\" stroke-miterlimit=\"10\" d=\"M22.551 34.324a2.048 2.048 0 0 1 0-2.9l5.376-5.377H15.125a2.05 2.05 0 0 1 0-4.1h12.8l-5.374-5.373a2.05 2.05 0 1 1 2.9-2.9l8.845 8.843.063.062 1.416 1.42-1.422 1.422-.055.055-8.849 8.848a2.047 2.047 0 0 1-2.9 0Z\"><\/path><\/g><\/svg><\/div><div class=\"ultp-button-text\">VEN A CONOCERNOS!<\/div><\/a>\n<\/div><\/div>\n\n\n\n<p><\/p>\n<\/div>\n<\/div>\n\n\n\n<div class=\"wp-block-columns alignwide are-vertically-aligned-center is-layout-flex wp-container-core-columns-is-layout-9d6595d7 wp-block-columns-is-layout-flex\">\n<div class=\"wp-block-column is-vertically-aligned-center is-layout-flow wp-block-column-is-layout-flow\" style=\"flex-basis:33.33%\">\n<div class=\"wp-block-columns is-layout-flex wp-container-core-columns-is-layout-9d6595d7 wp-block-columns-is-layout-flex\">\n<div class=\"wp-block-column is-layout-flow wp-block-column-is-layout-flow\"><div class=\"wp-block-image\">\n<figure class=\"aligncenter size-medium\"><a href=\"https:\/\/lasallecadiz.es\/caracter-propio-de-las-obras-educativas-la-salle\/\"><img fetchpriority=\"high\" decoding=\"async\" width=\"300\" height=\"300\" src=\"https:\/\/lasallecadiz.es\/wp-content\/uploads\/2023\/01\/1-300x300.png\" alt=\"\" class=\"wp-image-10911\" srcset=\"https:\/\/lasallecadiz.es\/vina\/wp-content\/uploads\/sites\/4\/2023\/01\/1-300x300.png 300w, https:\/\/lasallecadiz.es\/vina\/wp-content\/uploads\/sites\/4\/2023\/01\/1-150x150.png 150w, https:\/\/lasallecadiz.es\/vina\/wp-content\/uploads\/sites\/4\/2023\/01\/1.png 500w\" sizes=\"(max-width: 300px) 100vw, 300px\" \/><\/a><\/figure>\n<\/div><\/div>\n<\/div>\n\n\n\n<div class=\"wp-block-columns is-layout-flex wp-container-core-columns-is-layout-9d6595d7 wp-block-columns-is-layout-flex\">\n<div class=\"wp-block-column is-layout-flow wp-block-column-is-layout-flow\"><div class=\"wp-block-image\">\n<figure class=\"aligncenter size-medium\"><a href=\"https:\/\/lasallecadiz.es\/nuestros-colegios-2\/\"><img decoding=\"async\" width=\"300\" height=\"300\" src=\"https:\/\/lasallecadiz.es\/wp-content\/uploads\/2023\/01\/Copia-de-Botones-Web-2-300x300.png\" alt=\"\" class=\"wp-image-10927\" srcset=\"https:\/\/lasallecadiz.es\/vina\/wp-content\/uploads\/sites\/4\/2023\/01\/Copia-de-Botones-Web-2-300x300.png 300w, https:\/\/lasallecadiz.es\/vina\/wp-content\/uploads\/sites\/4\/2023\/01\/Copia-de-Botones-Web-2-150x150.png 150w, https:\/\/lasallecadiz.es\/vina\/wp-content\/uploads\/sites\/4\/2023\/01\/Copia-de-Botones-Web-2.png 500w\" sizes=\"(max-width: 300px) 100vw, 300px\" \/><\/a><\/figure>\n<\/div>\n\n<div class=\"wp-block-image\">\n<figure class=\"aligncenter size-medium\"><a href=\"https:\/\/lasallecadiz.es\/atencion-y-ayuda-escolarizacion\/\"><img decoding=\"async\" width=\"300\" height=\"300\" src=\"https:\/\/lasallecadiz.es\/wp-content\/uploads\/2024\/01\/Botones-Web-300x300.jpg\" alt=\"\" class=\"wp-image-11430\" srcset=\"https:\/\/lasallecadiz.es\/vina\/wp-content\/uploads\/sites\/4\/2024\/01\/Botones-Web-300x300.jpg 300w, https:\/\/lasallecadiz.es\/vina\/wp-content\/uploads\/sites\/4\/2024\/01\/Botones-Web-150x150.jpg 150w, https:\/\/lasallecadiz.es\/vina\/wp-content\/uploads\/sites\/4\/2024\/01\/Botones-Web.jpg 500w\" sizes=\"(max-width: 300px) 100vw, 300px\" \/><\/a><\/figure>\n<\/div><\/div>\n<\/div>\n<\/div>\n\n\n\n<div class=\"wp-block-column is-vertically-aligned-center is-layout-flow wp-block-column-is-layout-flow\"><\/div>\n\n\n\n<div class=\"wp-block-column is-vertically-aligned-center is-layout-flow wp-block-column-is-layout-flow\" style=\"flex-basis:66.66%\">\n<div class=\"wp-block-columns is-layout-flex wp-container-core-columns-is-layout-9d6595d7 wp-block-columns-is-layout-flex\">\n<div class=\"wp-block-column is-layout-flow wp-block-column-is-layout-flow\"><div class=\"wp-block-image\">\n<figure class=\"aligncenter size-medium\"><a href=\"https:\/\/lasallecadiz.es\/presentamos-la-escuela-del-futuro-con-el-nuevo-contexto-de-aprendizaje-nca\/\"><img loading=\"lazy\" decoding=\"async\" width=\"300\" height=\"300\" src=\"https:\/\/lasallecadiz.es\/wp-content\/uploads\/2023\/01\/17-300x300.png\" alt=\"\" class=\"wp-image-10913\" srcset=\"https:\/\/lasallecadiz.es\/vina\/wp-content\/uploads\/sites\/4\/2023\/01\/17-300x300.png 300w, https:\/\/lasallecadiz.es\/vina\/wp-content\/uploads\/sites\/4\/2023\/01\/17-150x150.png 150w, https:\/\/lasallecadiz.es\/vina\/wp-content\/uploads\/sites\/4\/2023\/01\/17.png 500w\" sizes=\"(max-width: 300px) 100vw, 300px\" \/><\/a><\/figure>\n<\/div><\/div>\n\n\n\n<div class=\"wp-block-column is-layout-flow wp-block-column-is-layout-flow\"><div class=\"wp-block-image\">\n<figure class=\"aligncenter size-medium\"><a href=\"https:\/\/lasallecadiz.es\/tour-360\/\"><img loading=\"lazy\" decoding=\"async\" width=\"300\" height=\"300\" src=\"https:\/\/lasallecadiz.es\/wp-content\/uploads\/2023\/01\/6-300x300.png\" alt=\"\" class=\"wp-image-10922\" srcset=\"https:\/\/lasallecadiz.es\/vina\/wp-content\/uploads\/sites\/4\/2023\/01\/6-300x300.png 300w, https:\/\/lasallecadiz.es\/vina\/wp-content\/uploads\/sites\/4\/2023\/01\/6-150x150.png 150w, https:\/\/lasallecadiz.es\/vina\/wp-content\/uploads\/sites\/4\/2023\/01\/6.png 500w\" sizes=\"(max-width: 300px) 100vw, 300px\" \/><\/a><\/figure>\n<\/div><\/div>\n<\/div>\n\n\n\n<div class=\"wp-block-columns is-layout-flex wp-container-core-columns-is-layout-9d6595d7 wp-block-columns-is-layout-flex\">\n<div class=\"wp-block-column is-layout-flow wp-block-column-is-layout-flow\"><\/div>\n\n\n\n<div class=\"wp-block-column is-layout-flow wp-block-column-is-layout-flow\"><\/div>\n<\/div>\n<\/div>\n<\/div>\n<\/div>\n<\/div>\n\n\n\n<p><\/p>\n","protected":false},"excerpt":{"rendered":"<p>\u00bfPor qu\u00e9 elegir La Salle? La primera vez que tenemos que dejar a nuestro hijo\/a en el colegio es un momento&nbsp;duro&nbsp;para toda madre o&nbsp;padre. Por eso, tener la certeza de dejarlo en las mejores manos es una tranquilidad vital. Porque&nbsp;ubicamos al alumno en el centro de nuestro proyecto. \u00c9l es el protagonista del proceso de &#8230; <a title=\"Escolarizacion 2025\/2026\" class=\"read-more\" href=\"https:\/\/lasallecadiz.es\/vina\/escolarizacion-3\/\" aria-label=\"Leer m\u00e1s sobre Escolarizacion 2025\/2026\">Leer m\u00e1s<\/a><\/p>\n","protected":false},"author":123482,"featured_media":0,"parent":0,"menu_order":0,"comment_status":"closed","ping_status":"closed","template":"","meta":{"_eb_attr":"","footnotes":""},"class_list":["post-16416","page","type-page","status-publish"],"_links":{"self":[{"href":"https:\/\/lasallecadiz.es\/vina\/wp-json\/wp\/v2\/pages\/16416","targetHints":{"allow":["GET"]}}],"collection":[{"href":"https:\/\/lasallecadiz.es\/vina\/wp-json\/wp\/v2\/pages"}],"about":[{"href":"https:\/\/lasallecadiz.es\/vina\/wp-json\/wp\/v2\/types\/page"}],"author":[{"embeddable":true,"href":"https:\/\/lasallecadiz.es\/vina\/wp-json\/wp\/v2\/users\/123482"}],"replies":[{"embeddable":true,"href":"https:\/\/lasallecadiz.es\/vina\/wp-json\/wp\/v2\/comments?post=16416"}],"version-history":[{"count":1,"href":"https:\/\/lasallecadiz.es\/vina\/wp-json\/wp\/v2\/pages\/16416\/revisions"}],"predecessor-version":[{"id":17102,"href":"https:\/\/lasallecadiz.es\/vina\/wp-json\/wp\/v2\/pages\/16416\/revisions\/17102"}],"wp:attachment":[{"href":"https:\/\/lasallecadiz.es\/vina\/wp-json\/wp\/v2\/media?parent=16416"}],"curies":[{"name":"wp","href":"https:\/\/api.w.org\/{rel}","templated":true}]}}